r?
False
Is 8287841141 a composite number?
False
Is 54851668399 a prime number?
False
Is 2020763569 a prime number?
False
Is 433655999 prime?
False
Is 129652321 prime?
True
Is 1088022511 a composite number?
False
Is 3161715419 a composite number?
True
Is 36551610241 a composite number?
False
Is 284652209 prime?
False
Is 8741070389 a prime number?
False
Is 1259182891 a prime number?
True
Is 420266897 a prime number?
False
Is 3559651151 composite?
True
Is 34276663451 prime?
False
Is 36705910193 a composite number?
False
Is 3116729377 a composite number?
True
Is 28134806279 composite?
True
Is 20726895203 prime?
False
Is 5484216547 a prime number?
False
Is 23480407649 composite?
True
Is 578877713 a composite number?
True
Is 29258899 a composite number?
False
Is 32024312297 prime?
False
Is 59904368897 composite?
True
Is 7289903155 prime?
False
Is 35307570707 a prime number?
True
Is 5696247157 composite?
True
Is 1552579453 a prime number?
True
Is 6912564223 prime?
True
Is 13887744337 composite?
True
Is 1004567831 a prime number?
False
Is 12403868647 composite?
False
Is 10518234809 a composite number?
True
Is 32755625393 a composite number?
False
Is 783813209 a composite number?
True
Is 1553794873 a prime number?
True
Is 814745221 composite?
False
Is 715030229 a composite number?
False
Is 3214921067 composite?
False
Is 55332497 composite?
True
Is 2097453949 a composite number?
False
Is 94658242771 a prime number?
True
Is 1291361537 a composite number?
False
Is 1694120629 a composite number?
False
Is 4652919995 prime?
False
Is 222421777 composite?
False
Is 47559925253 prime?
True
Is 5839083557 a composite number?
True
Is 4888636835 composite?
True
Is 272606393 prime?
False
Is 799514389 a prime number?
False
Is 1285671131 a prime number?
True
Is 476781281 a prime number?
True
Is 378886169 a composite number?
False
Is 1955764457 a composite number?
True
Is 20552647 composite?
False
Is 142817943119 composite?
False
Is 18899233739 composite?
True
Is 337186321 prime?
False
Is 292289243 a prime number?
True
Is 402576193 composite?
False
Is 209836408073 prime?
True
Is 5844812921 composite?
True
Is 94279401211 composite?
False
Is 2171227061 a composite number?
False
Is 13491576167 prime?
True
Is 82746404491 a prime number?
False
Is 1371550693 composite?
False
Is 1912632886 composite?
True
Is 19457652443 composite?
True
Is 4101248719 prime?
False
Is 33991764889 composite?
True
Is 1628356043 prime?
False
Is 24850713227 a prime number?
False
Is 87849250301 a prime number?
True
Is 512372393 prime?
False
Is 462509027 prime?
False
Is 339097557 a composite number?
True
Is 48851479667 composite?
True
Is 1708606699 prime?
True
Is 31613380273 a composite number?
True
Is 23953307407 a composite number?
True
Is 183154649 a composite number?
True
Is 8469017489 composite?
True
Is 155887999 prime?
False
Is 4702388953 a composite number?
False
Is 6025037401 a composite number?
False
Is 2054585567 a prime number?
True
Is 3734356879 prime?
False
Is 26503891451 a composite number?
False
Is 535052359 prime?
True
Is 2718146261 prime?
False
Is 24994271 a prime number?
False
Is 3181156471 a prime number?
True
Is 4965703781 a prime number?
False
Is 314235673 prime?
False
Is 54729994229 composite?
False
Is 62607620981 prime?
False
Is 822329591 composite?
True
Is 65618895451 a prime number?
False
Is 8613668837 prime?
False
Is 1354860593 a prime number?
False
Is 4831367081 a composite number?
True
Is 1712051381 a prime number?
False
Is 39343778489 a prime number?
True
Is 420701137 composite?
True
Is 1147122101 composite?
False
Is 3668289047 a prime number?
False
Is 195402357569 prime?
True
Is 161558443 a composite number?
True
Is 10007363759 a composite number?
True
Is 43008106054 composite?
True
Is 111936541 prime?
False
Is 22076690917 a composite number?
False
Is 110670139 a prime number?
False
Is 48237222017 a prime number?
False
Is 10935386789 a prime number?
True
Is 8987901163 a prime number?
False
Is 360786563 composite?
True
Is 2466671159 a composite number?
True
Is 22172251 composite?
False
Is 9858558707 a prime number?
False
Is 1733528863 prime?
False
Is 38152027099 a composite number?
True
Is 14239310959 a prime number?
False
Is 60012067 a prime number?
False
Is 12150007399 composite?
True
Is 18249461899 composite?
True
Is 19707760091 a prime number?
False
Is 221405326 a prime number?
False
Is 3841544501 composite?
False
Is 9974009113 composite?
True
Is 1568722439 prime?
True
Is 13750191569 prime?
False
Is 13270786877 a prime number?
False
Is 1869003967 a prime number?
True
Is 2483749769 a composite number?
False
Is 4788847891 a composite number?
False
Is 21573089203 a composite number?
False
Is 94641712549 a prime number?
False
Is 528228059 a composite number?
False
Is 1420227877 a composite number?
True
Is 51741059 a prime number?
False
Is 1475480081 composite?
True
Is 8095151059 a composite number?
False
Is 22422044303 a composite number?
False
Is 543953533 a composite number?
False
Is 1549206301 a composite number?
False
Is 204153737 a composite number?
False
Is 30539127323 prime?
True
Is 4760881847 prime?
False
Is 829972063 a prime number?
True
Is 7079249101 composite?
False
Is 53994785543 prime?
False
Is 37082571013 a composite number?
True
Is 1119865627 prime?
True
Is 18856319 a composite number?
False
Is 18601417235 composite?
True
Is 1445652493 a prime number?
False
Is 25275781331 composite?
True
Is 608378227 a prime number?
True
Is 1445145511 a prime number?
False
Is 6584524627 prime?
False
Is 8111682317 a prime number?
False
Is 11042926889 composite?
False
Is 4393120414 prime?
False
Is 39041634803 prime?
False
Is 424756217 composite?
False
Is 16963831471 prime?
True
Is 184884584869 prime?
False
Is 109089794447 composite?
True
Is 17141502283 prime?
False
Is 11851077863 a prime number?
False
Is 113966921429 a prime number?
True
Is 103273213709 a composite number?
False
Is 8852145151 a composite number?
False
Is 176714077 a composite number?
False
Is 122381869747 composite?
False
Is 126275956861 prime?
True
Is 248478778409 a prime number?
False
Is 1339066973 a prime number?
False
Is 2036909633 prime?
False
Is 36320569967 a composite number?
True
Is 106660073 a composite number?
True
Is 23077939139 a composite number?
True
Is 6533893435 a composite number?
True
Is 16139008543 a composite number?
True
Is 1507007471 composite?
False
Is 2402584391 a prime number?
True
Is 1887845387 prime?
True
Is 79230888427 a composite number?
True
Is 63874461787 a prime number?
False
Is 3488342233 a prime number?
True
Is 1601852947 a composite number?
True
Is 2147335139 a prime number?
False
Is 5060099177 prime?
False
Is 109477205753 a prime number?
False
Is 15185875351 composite?
False
Is 52619543797 a composite number?
False
Is 4944722171 composite?
False
Is 3292208039 composite?
True
Is 3808707989 a composite number?
False
Is 97886150333 a prime number?
True
Is 3209249969 composite?
False
Is 311549947 composite?
False
Is 3448434305 a composite number?
True
Is 580855346455 a prime number?
False
Is 1270822417 composite?
True
Is 2007869911 composite?
True
Is 893588429 composite?
True
Is 6193115977 composite?
False
Is 34222645057 a composite number?
False
Is 896829921937 a prime number?
True
Is 447571848059 a composite number?
True
Is 101910561001 composite?
False
Is 3629009797 composite?
True
Is 93978556157 a prime number?
True
Is 3719526865 a composite number?
True
Is 4744428727 a composite number?
True
Is 49759494451 composite?
True
Is 315460909 a composite number?
True
Is 44769506569 a prime number?
True
Is 56852459 a composite number?
True
Is 60076426241 a prime number?
False
Is 3353517533 composite?
True
Is 701966119 a prime number?
True
Is 39341341789 a prime number?
True
Is 8547561793 a prime number?
True
Is 687179699 a prime number?
True
Is 135719178011 prime?
False
Is 307916313581 a composite number?
False
Is 48835573483 prime?
True
Is 12930363079 prime?
True
Is 713990083 a prime number?
False
Is 224960951 a prime number?
True
Is 142852291 prime?
False
Is 37414656337 composite?
True
Is 494789389 a prime number?
True
Is 67460465351 a composite number?
False
Is 2430166577 a composite number?
False
Is 12177050281 a composite number?
True
Is 74508041627 a prime number?
False
I